{"id":2177,"date":"2015-05-11T14:29:48","date_gmt":"2015-05-11T12:29:48","guid":{"rendered":"http:\/\/www.jens-henning.de\/?page_id=2177"},"modified":"2019-09-26T10:52:14","modified_gmt":"2019-09-26T08:52:14","slug":"home","status":"publish","type":"page","link":"https:\/\/www.dimatteo-eisengiesserei.de\/","title":{"rendered":"HOME"},"content":{"rendered":"<p>[vc_row css=&#8220;.vc_custom_1456495286449{margin-top: 0px !important;margin-bottom: 0px !important;border-top-width: 0px !important;border-bottom-width: 0px !important;padding-top: 0px !important;padding-bottom: 0px !important;}&#8220;][vc_column css=&#8220;.vc_custom_1456495293883{margin-top: 1px !important;margin-bottom: 1px !important;border-top-width: 1px !important;border-bottom-width: 1px !important;padding-top: 1px !important;padding-bottom: 1px !important;}&#8220;][vc_column_text]<\/p>\n<h1>Willkommen bei der DI MATTEO Eisengie\u00dferei!<\/h1>\n<h2>Die einzige Eisengie\u00dferei im Eichsfeld \u2013 Ihr Spezialist f\u00fcr Einzelteile, sowie Klein- und Mittelserien<\/h2>\n<p>Die DI MATTEO Eisengie\u00dferei liegt nahe des geographischen Mittelpunktes Deutschlands, im nordwestlichen Teil des Landes Th\u00fcringen im Landkreis Eichsfeld, in Dingelst\u00e4dt und geh\u00f6rt seit 2016 zur DI MATTEO Group.<\/p>\n<p>Wir beliefern unsere Kunden mit ma\u00dfgefertigten Produkten aus Gusseisen und bieten zugleich dessen mechanische Bearbeitung und Oberfl\u00e4chenbehandlung an. Verlassen Sie sich auf unsere qualifizierten Mitarbeiter und die jahrzehntelange Gie\u00dfereitradition unseres Unternehmens. Wir freuen uns auf Ihre Anfragen und informieren Sie gerne \u00fcber unsere Produkte und Dienstleistungen.<\/p>\n<p>Nutzen Sie unsere professionelle Werkstoffberatung: ob im Handformverfahren oder auf Formmaschinen, wir bieten Ihnen Gussst\u00fccke aus verschiedenen Werkstoffen, um den unterschiedlichen Belastungen Ihrer Branche gerecht zu werden. Unser breites Sortiment von hochwertigen Gussprodukten bieten wir sowohl aus Gusseisen mit Lamellengraphit \/ Grauguss, als auch aus Gusseisen mit Kugelgraphit \/ Sph\u00e4roguss an.<\/p>\n<p><strong>Von der Konstruktionsplanung \u00fcber die Produktion bis hin zur Nachbearbeitung setzt die DI MATTEO Eisengie\u00dferei einen hohen Anspruch an die Qualit\u00e4t und die Zufriedenheit der Kunden.<\/strong>[\/vc_column_text][\/vc_column][\/vc_row][vc_row][vc_column width=&#8220;1\/3&#8243;][vc_column_text css=&#8220;.vc_custom_1527842047783{margin-bottom: 0px !important;border-bottom-width: 0px !important;padding-bottom: 0px !important;}&#8220;]<a href=\"https:\/\/www.dimatteo-eisengiesserei.de\/?page_id=1593\"><img loading=\"lazy\" decoding=\"async\" class=\"alignnone wp-image-4018 size-full\" src=\"https:\/\/www.dimatteo-eisengiesserei.de\/wp-content\/uploads\/2015\/03\/leistungen.jpg\" alt=\"Leistungen Di Matteo Eisengie\u00dferei\" width=\"1170\" height=\"450\" srcset=\"https:\/\/www.dimatteo-eisengiesserei.de\/wp-content\/uploads\/2015\/03\/leistungen.jpg 1170w, https:\/\/www.dimatteo-eisengiesserei.de\/wp-content\/uploads\/2015\/03\/leistungen-300x115.jpg 300w, https:\/\/www.dimatteo-eisengiesserei.de\/wp-content\/uploads\/2015\/03\/leistungen-768x295.jpg 768w, https:\/\/www.dimatteo-eisengiesserei.de\/wp-content\/uploads\/2015\/03\/leistungen-1024x394.jpg 1024w\" sizes=\"auto, (max-width: 1170px) 100vw, 1170px\" \/><\/a>[\/vc_column_text][vc_column_text css=&#8220;.vc_custom_1511698358262{margin-top: 0px !important;border-top-width: 0px !important;padding-top: 3px !important;padding-right: 3px !important;padding-bottom: 3px !important;padding-left: 3px !important;background-color: #f5f5f5 !important;}&#8220;]<\/p>\n<p style=\"text-align: center;\"><a href=\"https:\/\/www.dimatteo-eisengiesserei.de\/?page_id=1593\"><strong>Leistungen<\/strong><\/a><\/p>\n<p>[\/vc_column_text][\/vc_column][vc_column width=&#8220;1\/3&#8243;][vc_column_text css=&#8220;.vc_custom_1527842060143{margin-bottom: 0px !important;border-bottom-width: 0px !important;padding-bottom: 0px !important;}&#8220;]<a href=\"https:\/\/www.dimatteo-eisengiesserei.de\/?page_id=1595\"><img loading=\"lazy\" decoding=\"async\" class=\"alignnone wp-image-4024 size-full\" src=\"https:\/\/www.dimatteo-eisengiesserei.de\/wp-content\/uploads\/2015\/05\/giesserei.jpg\" alt=\"Gie\u00dferei Di Matteo Eisengie\u00dferei\" width=\"1170\" height=\"450\" srcset=\"https:\/\/www.dimatteo-eisengiesserei.de\/wp-content\/uploads\/2015\/05\/giesserei.jpg 1170w, https:\/\/www.dimatteo-eisengiesserei.de\/wp-content\/uploads\/2015\/05\/giesserei-300x115.jpg 300w, https:\/\/www.dimatteo-eisengiesserei.de\/wp-content\/uploads\/2015\/05\/giesserei-768x295.jpg 768w, https:\/\/www.dimatteo-eisengiesserei.de\/wp-content\/uploads\/2015\/05\/giesserei-1024x394.jpg 1024w\" sizes=\"auto, (max-width: 1170px) 100vw, 1170px\" \/><\/a>[\/vc_column_text][vc_column_text css=&#8220;.vc_custom_1511698380798{margin-top: 0px !important;border-top-width: 0px !important;padding-top: 3px !important;padding-right: 3px !important;padding-bottom: 3px !important;padding-left: 3px !important;background-color: #f5f5f5 !important;}&#8220;]<\/p>\n<p style=\"text-align: center;\"><a href=\"https:\/\/www.dimatteo-eisengiesserei.de\/?page_id=1595\"><strong>Branchen<\/strong><\/a><\/p>\n<p>[\/vc_column_text][\/vc_column][vc_column width=&#8220;1\/3&#8243;][vc_column_text css=&#8220;.vc_custom_1527842075663{margin-bottom: 0px !important;border-bottom-width: 0px !important;padding-bottom: 0px !important;}&#8220;]<a href=\"https:\/\/www.dimatteo-eisengiesserei.de\/?page_id=1611\"><img loading=\"lazy\" decoding=\"async\" class=\"alignnone wp-image-3987 size-full\" src=\"https:\/\/www.dimatteo-eisengiesserei.de\/wp-content\/uploads\/2015\/03\/werkstoffe.jpg\" alt=\"Werkstoffe Di Matteo Eisengie\u00dferei\" width=\"1170\" height=\"450\" srcset=\"https:\/\/www.dimatteo-eisengiesserei.de\/wp-content\/uploads\/2015\/03\/werkstoffe.jpg 1170w, https:\/\/www.dimatteo-eisengiesserei.de\/wp-content\/uploads\/2015\/03\/werkstoffe-300x115.jpg 300w, https:\/\/www.dimatteo-eisengiesserei.de\/wp-content\/uploads\/2015\/03\/werkstoffe-768x295.jpg 768w, https:\/\/www.dimatteo-eisengiesserei.de\/wp-content\/uploads\/2015\/03\/werkstoffe-1024x394.jpg 1024w\" sizes=\"auto, (max-width: 1170px) 100vw, 1170px\" \/><\/a>[\/vc_column_text][vc_column_text css=&#8220;.vc_custom_1511698393035{margin-top: 0px !important;border-top-width: 0px !important;padding-top: 3px !important;padding-right: 3px !important;padding-bottom: 3px !important;padding-left: 3px !important;background-color: #f5f5f5 !important;}&#8220;]<\/p>\n<p style=\"text-align: center;\"><a href=\"https:\/\/www.dimatteo-eisengiesserei.de\/?page_id=1611\"><strong>Werkstoffe<\/strong><\/a><\/p>\n<p>[\/vc_column_text][\/vc_column][\/vc_row]<\/p>\n","protected":false},"excerpt":{"rendered":"<p>[vc_row css=&#8220;.vc_custom_1456495286449{margin-top: 0px !important;margin-bottom: 0px !important;border-top-width: 0px !important;border-bottom-width: 0px !important;padding-top: 0px !important;padding-bottom: 0px !important;}&#8220;][vc_column css=&#8220;.vc_custom_1456495293883{margin-top: 1px !important;margin-bottom: 1px !important;border-top-width: 1px !important;border-bottom-width: 1px !important;padding-top: 1px !important;padding-bottom: 1px !important;}&#8220;][vc_column_text] Willkommen bei der DI MATTEO Eisengie\u00dferei! Die einzige Eisengie\u00dferei im Eichsfeld \u2013 Ihr Spezialist f\u00fcr Einzelteile, sowie Klein- und Mittelserien Die DI MATTEO Eisengie\u00dferei liegt nahe des geographischen [&hellip;]<\/p>\n","protected":false},"author":2,"featured_media":0,"parent":0,"menu_order":0,"comment_status":"closed","ping_status":"closed","template":"","meta":{"footnotes":""},"class_list":["post-2177","page","type-page","status-publish","hentry"],"yoast_head":"<!-- This site is optimized with the Yoast SEO plugin v27.4 - https:\/\/yoast.com\/product\/yoast-seo-wordpress\/ -->\n<title>Die Eisengie\u00dferei im Eichsfeld, Spezialist f\u00fcr Einzelteile, Klein- u. Mittelserien<\/title>\n<meta name=\"description\" content=\"Die DI MATTEO Eisengie\u00dferei liegt nahe des Mittelpunktes in Deutschlands, im Landkreis Eichsfeld, in Dingelst\u00e4dt und geh\u00f6rt seit 2016 zur DI MATTEO Group.\" \/>\n<meta name=\"robots\" content=\"index, follow, max-snippet:-1, max-image-preview:large, max-video-preview:-1\" \/>\n<link rel=\"canonical\" href=\"https:\/\/www.dimatteo-eisengiesserei.de\/\" \/>\n<meta property=\"og:locale\" content=\"de_DE\" \/>\n<meta property=\"og:type\" content=\"article\" \/>\n<meta property=\"og:title\" content=\"Die Eisengie\u00dferei im Eichsfeld, Spezialist f\u00fcr Einzelteile, Klein- u. Mittelserien\" \/>\n<meta property=\"og:description\" content=\"Die DI MATTEO Eisengie\u00dferei liegt nahe des Mittelpunktes in Deutschlands, im Landkreis Eichsfeld, in Dingelst\u00e4dt und geh\u00f6rt seit 2016 zur DI MATTEO Group.\" \/>\n<meta property=\"og:url\" content=\"https:\/\/www.dimatteo-eisengiesserei.de\/\" \/>\n<meta property=\"og:site_name\" content=\"DI MATTEO Eisengie\u00dferei\" \/>\n<meta property=\"article:modified_time\" content=\"2019-09-26T08:52:14+00:00\" \/>\n<meta property=\"og:image\" content=\"https:\/\/www.dimatteo-eisengiesserei.de\/wp-content\/uploads\/2015\/03\/leistungen.jpg\" \/>\n\t<meta property=\"og:image:width\" content=\"1170\" \/>\n\t<meta property=\"og:image:height\" content=\"450\" \/>\n\t<meta property=\"og:image:type\" content=\"image\/jpeg\" \/>\n<meta name=\"twitter:card\" content=\"summary_large_image\" \/>\n<meta name=\"twitter:label1\" content=\"Gesch\u00e4tzte Lesezeit\" \/>\n\t<meta name=\"twitter:data1\" content=\"2\u00a0Minuten\" \/>\n<script type=\"application\/ld+json\" class=\"yoast-schema-graph\">{\"@context\":\"https:\\\/\\\/schema.org\",\"@graph\":[{\"@type\":\"WebPage\",\"@id\":\"https:\\\/\\\/www.dimatteo-eisengiesserei.de\\\/\",\"url\":\"https:\\\/\\\/www.dimatteo-eisengiesserei.de\\\/\",\"name\":\"Die Eisengie\u00dferei im Eichsfeld, Spezialist f\u00fcr Einzelteile, Klein- u. Mittelserien\",\"isPartOf\":{\"@id\":\"https:\\\/\\\/www.dimatteo-eisengiesserei.de\\\/#website\"},\"primaryImageOfPage\":{\"@id\":\"https:\\\/\\\/www.dimatteo-eisengiesserei.de\\\/#primaryimage\"},\"image\":{\"@id\":\"https:\\\/\\\/www.dimatteo-eisengiesserei.de\\\/#primaryimage\"},\"thumbnailUrl\":\"https:\\\/\\\/www.dimatteo-eisengiesserei.de\\\/wp-content\\\/uploads\\\/2015\\\/03\\\/leistungen.jpg\",\"datePublished\":\"2015-05-11T12:29:48+00:00\",\"dateModified\":\"2019-09-26T08:52:14+00:00\",\"description\":\"Die DI MATTEO Eisengie\u00dferei liegt nahe des Mittelpunktes in Deutschlands, im Landkreis Eichsfeld, in Dingelst\u00e4dt und geh\u00f6rt seit 2016 zur DI MATTEO Group.\",\"breadcrumb\":{\"@id\":\"https:\\\/\\\/www.dimatteo-eisengiesserei.de\\\/#breadcrumb\"},\"inLanguage\":\"de\",\"potentialAction\":[{\"@type\":\"ReadAction\",\"target\":[\"https:\\\/\\\/www.dimatteo-eisengiesserei.de\\\/\"]}]},{\"@type\":\"ImageObject\",\"inLanguage\":\"de\",\"@id\":\"https:\\\/\\\/www.dimatteo-eisengiesserei.de\\\/#primaryimage\",\"url\":\"https:\\\/\\\/www.dimatteo-eisengiesserei.de\\\/wp-content\\\/uploads\\\/2015\\\/03\\\/leistungen.jpg\",\"contentUrl\":\"https:\\\/\\\/www.dimatteo-eisengiesserei.de\\\/wp-content\\\/uploads\\\/2015\\\/03\\\/leistungen.jpg\",\"width\":1170,\"height\":450,\"caption\":\"Leistungen Di Matteo Eisengie\u00dferei\"},{\"@type\":\"BreadcrumbList\",\"@id\":\"https:\\\/\\\/www.dimatteo-eisengiesserei.de\\\/#breadcrumb\",\"itemListElement\":[{\"@type\":\"ListItem\",\"position\":1,\"name\":\"Startseite\",\"item\":\"https:\\\/\\\/www.dimatteo-eisengiesserei.de\\\/\"},{\"@type\":\"ListItem\",\"position\":2,\"name\":\"HOME\"}]},{\"@type\":\"WebSite\",\"@id\":\"https:\\\/\\\/www.dimatteo-eisengiesserei.de\\\/#website\",\"url\":\"https:\\\/\\\/www.dimatteo-eisengiesserei.de\\\/\",\"name\":\"DI MATTEO Eisengie\u00dferei\",\"description\":\"DI MATTEO Eisengie\u00dferei\",\"publisher\":{\"@id\":\"https:\\\/\\\/www.dimatteo-eisengiesserei.de\\\/#organization\"},\"potentialAction\":[{\"@type\":\"SearchAction\",\"target\":{\"@type\":\"EntryPoint\",\"urlTemplate\":\"https:\\\/\\\/www.dimatteo-eisengiesserei.de\\\/?s={search_term_string}\"},\"query-input\":{\"@type\":\"PropertyValueSpecification\",\"valueRequired\":true,\"valueName\":\"search_term_string\"}}],\"inLanguage\":\"de\"},{\"@type\":\"Organization\",\"@id\":\"https:\\\/\\\/www.dimatteo-eisengiesserei.de\\\/#organization\",\"name\":\"DiMatteo Eisengie\u00dferei\",\"url\":\"https:\\\/\\\/www.dimatteo-eisengiesserei.de\\\/\",\"logo\":{\"@type\":\"ImageObject\",\"inLanguage\":\"de\",\"@id\":\"https:\\\/\\\/www.dimatteo-eisengiesserei.de\\\/#\\\/schema\\\/logo\\\/image\\\/\",\"url\":\"https:\\\/\\\/www.dimatteo-eisengiesserei.de\\\/wp-content\\\/uploads\\\/2017\\\/11\\\/matteo-eisengiesserei-logo.png\",\"contentUrl\":\"https:\\\/\\\/www.dimatteo-eisengiesserei.de\\\/wp-content\\\/uploads\\\/2017\\\/11\\\/matteo-eisengiesserei-logo.png\",\"width\":1200,\"height\":62,\"caption\":\"DiMatteo Eisengie\u00dferei\"},\"image\":{\"@id\":\"https:\\\/\\\/www.dimatteo-eisengiesserei.de\\\/#\\\/schema\\\/logo\\\/image\\\/\"}}]}<\/script>\n<!-- \/ Yoast SEO plugin. -->","yoast_head_json":{"title":"Die Eisengie\u00dferei im Eichsfeld, Spezialist f\u00fcr Einzelteile, Klein- u. Mittelserien","description":"Die DI MATTEO Eisengie\u00dferei liegt nahe des Mittelpunktes in Deutschlands, im Landkreis Eichsfeld, in Dingelst\u00e4dt und geh\u00f6rt seit 2016 zur DI MATTEO Group.","robots":{"index":"index","follow":"follow","max-snippet":"max-snippet:-1","max-image-preview":"max-image-preview:large","max-video-preview":"max-video-preview:-1"},"canonical":"https:\/\/www.dimatteo-eisengiesserei.de\/","og_locale":"de_DE","og_type":"article","og_title":"Die Eisengie\u00dferei im Eichsfeld, Spezialist f\u00fcr Einzelteile, Klein- u. Mittelserien","og_description":"Die DI MATTEO Eisengie\u00dferei liegt nahe des Mittelpunktes in Deutschlands, im Landkreis Eichsfeld, in Dingelst\u00e4dt und geh\u00f6rt seit 2016 zur DI MATTEO Group.","og_url":"https:\/\/www.dimatteo-eisengiesserei.de\/","og_site_name":"DI MATTEO Eisengie\u00dferei","article_modified_time":"2019-09-26T08:52:14+00:00","og_image":[{"width":1170,"height":450,"url":"https:\/\/www.dimatteo-eisengiesserei.de\/wp-content\/uploads\/2015\/03\/leistungen.jpg","type":"image\/jpeg"}],"twitter_card":"summary_large_image","twitter_misc":{"Gesch\u00e4tzte Lesezeit":"2\u00a0Minuten"},"schema":{"@context":"https:\/\/schema.org","@graph":[{"@type":"WebPage","@id":"https:\/\/www.dimatteo-eisengiesserei.de\/","url":"https:\/\/www.dimatteo-eisengiesserei.de\/","name":"Die Eisengie\u00dferei im Eichsfeld, Spezialist f\u00fcr Einzelteile, Klein- u. Mittelserien","isPartOf":{"@id":"https:\/\/www.dimatteo-eisengiesserei.de\/#website"},"primaryImageOfPage":{"@id":"https:\/\/www.dimatteo-eisengiesserei.de\/#primaryimage"},"image":{"@id":"https:\/\/www.dimatteo-eisengiesserei.de\/#primaryimage"},"thumbnailUrl":"https:\/\/www.dimatteo-eisengiesserei.de\/wp-content\/uploads\/2015\/03\/leistungen.jpg","datePublished":"2015-05-11T12:29:48+00:00","dateModified":"2019-09-26T08:52:14+00:00","description":"Die DI MATTEO Eisengie\u00dferei liegt nahe des Mittelpunktes in Deutschlands, im Landkreis Eichsfeld, in Dingelst\u00e4dt und geh\u00f6rt seit 2016 zur DI MATTEO Group.","breadcrumb":{"@id":"https:\/\/www.dimatteo-eisengiesserei.de\/#breadcrumb"},"inLanguage":"de","potentialAction":[{"@type":"ReadAction","target":["https:\/\/www.dimatteo-eisengiesserei.de\/"]}]},{"@type":"ImageObject","inLanguage":"de","@id":"https:\/\/www.dimatteo-eisengiesserei.de\/#primaryimage","url":"https:\/\/www.dimatteo-eisengiesserei.de\/wp-content\/uploads\/2015\/03\/leistungen.jpg","contentUrl":"https:\/\/www.dimatteo-eisengiesserei.de\/wp-content\/uploads\/2015\/03\/leistungen.jpg","width":1170,"height":450,"caption":"Leistungen Di Matteo Eisengie\u00dferei"},{"@type":"BreadcrumbList","@id":"https:\/\/www.dimatteo-eisengiesserei.de\/#breadcrumb","itemListElement":[{"@type":"ListItem","position":1,"name":"Startseite","item":"https:\/\/www.dimatteo-eisengiesserei.de\/"},{"@type":"ListItem","position":2,"name":"HOME"}]},{"@type":"WebSite","@id":"https:\/\/www.dimatteo-eisengiesserei.de\/#website","url":"https:\/\/www.dimatteo-eisengiesserei.de\/","name":"DI MATTEO Eisengie\u00dferei","description":"DI MATTEO Eisengie\u00dferei","publisher":{"@id":"https:\/\/www.dimatteo-eisengiesserei.de\/#organization"},"potentialAction":[{"@type":"SearchAction","target":{"@type":"EntryPoint","urlTemplate":"https:\/\/www.dimatteo-eisengiesserei.de\/?s={search_term_string}"},"query-input":{"@type":"PropertyValueSpecification","valueRequired":true,"valueName":"search_term_string"}}],"inLanguage":"de"},{"@type":"Organization","@id":"https:\/\/www.dimatteo-eisengiesserei.de\/#organization","name":"DiMatteo Eisengie\u00dferei","url":"https:\/\/www.dimatteo-eisengiesserei.de\/","logo":{"@type":"ImageObject","inLanguage":"de","@id":"https:\/\/www.dimatteo-eisengiesserei.de\/#\/schema\/logo\/image\/","url":"https:\/\/www.dimatteo-eisengiesserei.de\/wp-content\/uploads\/2017\/11\/matteo-eisengiesserei-logo.png","contentUrl":"https:\/\/www.dimatteo-eisengiesserei.de\/wp-content\/uploads\/2017\/11\/matteo-eisengiesserei-logo.png","width":1200,"height":62,"caption":"DiMatteo Eisengie\u00dferei"},"image":{"@id":"https:\/\/www.dimatteo-eisengiesserei.de\/#\/schema\/logo\/image\/"}}]}},"_links":{"self":[{"href":"https:\/\/www.dimatteo-eisengiesserei.de\/index.php?rest_route=\/wp\/v2\/pages\/2177","targetHints":{"allow":["GET"]}}],"collection":[{"href":"https:\/\/www.dimatteo-eisengiesserei.de\/index.php?rest_route=\/wp\/v2\/pages"}],"about":[{"href":"https:\/\/www.dimatteo-eisengiesserei.de\/index.php?rest_route=\/wp\/v2\/types\/page"}],"author":[{"embeddable":true,"href":"https:\/\/www.dimatteo-eisengiesserei.de\/index.php?rest_route=\/wp\/v2\/users\/2"}],"replies":[{"embeddable":true,"href":"https:\/\/www.dimatteo-eisengiesserei.de\/index.php?rest_route=%2Fwp%2Fv2%2Fcomments&post=2177"}],"version-history":[{"count":4,"href":"https:\/\/www.dimatteo-eisengiesserei.de\/index.php?rest_route=\/wp\/v2\/pages\/2177\/revisions"}],"predecessor-version":[{"id":4160,"href":"https:\/\/www.dimatteo-eisengiesserei.de\/index.php?rest_route=\/wp\/v2\/pages\/2177\/revisions\/4160"}],"wp:attachment":[{"href":"https:\/\/www.dimatteo-eisengiesserei.de\/index.php?rest_route=%2Fwp%2Fv2%2Fmedia&parent=2177"}],"curies":[{"name":"wp","href":"https:\/\/api.w.org\/{rel}","templated":true}]}}